e highest common divisor of 15 and 96120.
15
Calculate the highest common divisor of 527 and 31.
31
What is the greatest common divisor of 30 and 303?
3
Calculate the greatest common divisor of 114 and 186.
6
Calculate the highest common factor of 5973 and 99.
33
What is the greatest common divisor of 5 and 81?
1
What is the highest common divisor of 637 and 273?
91
What is the greatest common factor of 84 and 15246?
42
What is the greatest common factor of 261 and 1247?
29
What is the greatest common divisor of 66 and 506?
22
Calculate the greatest common factor of 54 and 189.
27
Calculate the greatest common divisor of 9 and 27.
9
What is the greatest common factor of 52 and 234?
26
Calculate the highest common divisor of 21 and 7.
7
Calculate the greatest common factor of 22 and 99.
11
Calculate the greatest common factor of 12 and 510.
6
Calculate the highest common factor of 708 and 10443.
177
Calculate the greatest common factor of 4 and 324.
4
What is the greatest common factor of 32 and 5?
1
Calculate the greatest common divisor of 890 and 10.
10
Calculate the highest common factor of 324 and 8208.
108
What is the greatest common divisor of 18042 and 186?
186
What is the greatest common divisor of 267 and 30?
3
Calculate the highest common factor of 396 and 18.
18
Calculate the highest common divisor of 66 and 1122.
66
What is the highest common divisor of 14 and 497?
7
What is the highest common divisor of 57 and 1083?
57
What is the highest common divisor of 180 and 80?
20
Calculate the highest common factor of 2607 and 1896.
237
Calculate the highest common divisor of 858 and 390.
78
What is the highest common divisor of 16 and 176?
16
Calculate the highest common divisor of 27 and 351.
27
Calculate the highest common factor of 34 and 24990.
34
What is the greatest common factor of 980 and 20?
20
What is the greatest common divisor of 24 and 18456?
24
What is the highest common factor of 612 and 9?
9
Calculate the greatest common factor of 13 and 3679.
13
Calculate the highest common factor of 160 and 1145.
5
Calculate the highest common divisor of 387 and 9.
9
Calculate the highest common factor of 117 and 27.
9
Calculate the highest common factor of 1078 and 44.
22
Calculate the highest common factor of 9 and 1194.
3
What is the highest common factor of 5137 and 176?
11
Calculate the greatest common factor of 1961 and 111.
37
What is the highest common factor of 256 and 496?
16
Calculate the greatest common divisor of 173 and 34427.
173
What is the greatest common divisor of 57 and 2299?
19
Calculate the greatest common divisor of 3388 and 220.
44
What is the highest common divisor of 153 and 36?
9
What is the highest common factor of 11 and 11?
11
Calculate the highest common factor of 19 and 7619.
19
Calculate the greatest common factor of 15 and 295.
5
Calculate the greatest common factor of 24 and 168.
24
What is the greatest common factor of 176 and 968?
88
Calculate the highest common divisor of 20 and 16.
4
Calculate the greatest common factor of 10 and 85.
5
Calculate the greatest common factor of 468 and 91.
13
What is the highest common divisor of 57 and 2451?
57
Calculate the highest common divisor of 52 and 182.
26
What is the greatest common factor of 88 and 275?
11
What is the highest common factor of 11 and 253?
11
What is the greatest common factor of 120 and 680?
40
Calculate the greatest common divisor of 243 and 9.
9
What is the greatest common divisor of 493 and 29?
29
Calculate the greatest common divisor of 63 and 63.
63
What is the highest common factor of 145 and 1?
1
What is the greatest common factor of 242 and 2970?
22
What is the highest common divisor of 252 and 144?
36
What is the highest common divisor of 438 and 365?
73
Calculate the highest common factor of 114 and 7467.
57
Calculate the highest common factor of 22 and 302.
2
Calculate the highest common factor of 26 and 10751.
13
What is the highest common factor of 49 and 1568?
49
Calculate the highest common factor of 104 and 16.
8
Calculate the greatest common factor of 10 and 169.
1
Calculate the highest common divisor of 3954 and 6.
6
Calculate the greatest common factor of 6848 and 192.
64
Calculate the greatest common divisor of 4017 and 39.
39
What is the highest common factor of 117 and 6?
3
What is the highest common factor of 100 and 50?
50
What is the greatest common factor of 270 and 900?
90
What is the highest common divisor of 28 and 5432?
28
What is the highest common factor of 576 and 36?
36
Calculate the greatest common factor of 50826 and 516.
258
Calculate the greatest common factor of 24 and 96.
24
Calculate the highest common factor of 55 and 671.
11
Calculate the greatest common divisor of 217 and 31.
31
Calculate the greatest common divisor of 972 and 27.
27
Calculate the highest common factor of 9 and 2151.
9
Calculate the greatest common factor of 128 and 2.
2
Calculate the greatest common factor of 3 and 19.
1
What is the highest common factor of 332 and 4?
4
What is the greatest common divisor of 266 and 28?
14
Calculate the highest common factor of 1992 and 504.
24
What is the highest common divisor of 2700 and 81?
27
Calculate the greatest common divisor of 323 and 289.
17
Calculate the highest common factor of 766 and 16.
2
Calculate the highest common divisor of 14 and 1246.
14
What is the greatest common factor of 2365 and 55?
55
What is the highest common divisor of 39 and 52?
13
What is the highest common divisor of 202 and 16463?
101
Calculate the greatest common factor of 161 and 112.
7
Calculate the greatest common factor of 88 and 220.
44
What is the greatest common divisor of 192 and 12?
12
Calculate the greatest common divisor of 129 and 301.
43
What is the greatest common divisor of 12444 and 488?
244
What is the highest common factor of 320 and 1856?
64
Calculate the greatest common divisor of 84 and 2044.
28
What is the greatest common factor of 240 and 570?
30
What is the highest common factor of 35 and 77?
7
What is the greatest common divisor of 89 and 801?
89
What is the highest common divisor of 1111 and 101?
101
What is the greatest common factor of 9700 and 4?
4
Calculate the highest common divisor of 63 and 15729.
21
Calculate the greatest common divisor of 708 and 24.
12
Calculate the greatest common divisor of 36349 and 446.
223
Calculate the highest common factor of 15 and 20.
5
What is the greatest common divisor of 11 and 44?
11
Calculate the greatest common divisor of 3830 and 30.
10
Calculate the greatest common divisor of 17 and 13787.
17
What is the greatest common factor of 21 and 6?
3
What is the highest common divisor of 2623 and 43?
43
Calculate the highest common divisor of 19 and 1102.
19
Calculate the greatest common divisor of 20 and 45970.
10
Calculate the greatest common divisor of 1834 and 14.
14
Calculate the highest common factor of 5605 and 19.
19
What is the highest common divisor of 299 and 552?
23
Calculate the greatest common divisor of 5610 and 10.
10
Calculate the greatest common divisor of 160 and 1504.
32
What is the highest common divisor of 279 and 45?
9
What is the greatest common factor of 12901 and 266?
133
Calculate the greatest common factor of 22 and 99.
11
Calculate the greatest common divisor of 14 and 371.
7
Calculate the greatest common factor of 44 and 550.
22
What is the highest common divisor of 9585 and 27?
27
What is the highest common factor of 29 and 4?
1
What is the highest common factor of 432 and 918?
54
Calculate the greatest common factor of 552 and 60.
12
What is the greatest common factor of 207 and 966?
69
What is the greatest common divisor of 91 and 133?
7
Calculate the highest common factor of 420 and 112.
28
Calculate the highest common factor of 116 and 3393.
29
What is the greatest common factor of 153 and 663?
51
What is the greatest common factor of 45 and 105?
15
Calculate the highest common factor of 444 and 12.
12
Calculate the highest common factor of 1102 and 29.
29
Calculate the highest common factor of 800 and 32.
32
What is the greatest common factor of 23 and 2024?
23
What is the greatest common divisor of 155 and 62?
31
Calculate the greatest common divisor of 27 and 45.
9
What is the highest common divisor of 3402 a